et p be (-1)/(-2)*h + -2. Suppose -2*y + p + 9 = 0. What is the units digit of y?
5
Suppose -j + 1 = 0, 6*k - k - j - 149 = 0. What is the tens digit of k?
3
Let j(s) = 3*s - 1. Let m = 5 - 5. Let x be 3/(-3)*(-3 - m). What is the units digit of j(x)?
8
Suppose -2*l = -2*u + 98, -2*u - 7*l = -3*l - 80. What is the units digit of u?
6
Let b(x) = 43*x**3 - 2*x**2 + 1. What is the units digit of b(1)?
2
Suppose -705 = -5*q - 275. What is the units digit of q?
6
Let i(x) = -x - 2. Let a be i(-2). Suppose c = -4*k - a*k + 18, 3*k = 5*c - 67. What is the tens digit of c?
1
Let x(p) be the third derivative of 0*p + 1/3*p**3 - 1/8*p**4 - 2*p**2 + 0. What is the tens digit of x(-3)?
1
Suppose 3*a = 15, 3*x = -2*x + 5*a + 460. What is the tens digit of x?
9
Suppose -5*y - 44 = -6*y. What is the units digit of y?
4
Let j(t) = t**2 + 2. Let g be j(0). Suppose 0 = -3*o + 107 - 26. Suppose -u - g*p + 81 = 4*u, p = 2*u - o. What is the tens digit of u?
1
Let s(p) = 3*p**2 - 3*p - 2. What is the units digit of s(-3)?
4
Suppose 0 = j - 0 - 3. Suppose 33 = -0*s + j*s. What is the tens digit of s?
1
Let p = -3 - -1. Let k(h) be the first derivative of -9*h**2/2 + 2*h + 23. What is the tens digit of k(p)?
2
Suppose 3*q - n = 172 + 57, n + 4 = 0. Suppose -5*p + q = -70. What is the units digit of p?
9
Suppose -3 = q - 0, o + 4*q - 13 = 0. Suppose 8*n = 7*n + o. What is the tens digit of n?
2
Let l be -1 - (-2 + 1 - 1). Let q be ((-33)/(-12))/(l/4). Let m = 12 - q. What is the units digit of m?
1
Let y be -5 + ((-1)/1 - -1). What is the units digit of 1 + -3 + 0 - y?
3
What is the units digit of (-3)/12 - 18/(-8)?
2
Suppose -3*b + 3*j = -780, 0*j = b + 2*j - 269. What is the units digit of b?
3
Let p be (0 - 1)*-1*7. Suppose -2 + p = -5*l. What is the units digit of l - 0 - (-16 - 2)?
7
Suppose 17*c + 78 = 19*c. What is the units digit of c?
9
Suppose -4*b = 2*x - 344, x - b - 509 = -2*x. What is the units digit of x?
0
Let u(d) be the third derivative of -1/120*d**6 - 2*d**2 - 1/6*d**3 + 0*d - 7/24*d**4 - 1/10*d**5 + 0. What is the units digit of u(-5)?
9
Suppose h + 7 - 32 = 0. Let z = 49 - h. Let v = -13 + z. What is the units digit of v?
1
Let p(d) be the third derivative of d**6/180 - d**5/30 - d**4/24 + d**3/3 - 3*d**2. Let g(h) be the first derivative of p(h). What is the units digit of g(4)?
5
Let o be (36/10)/((-2)/(-5)). What is the tens digit of (24 - o)/((-6)/(-8))?
2
Suppose -u = 4*p - 333, 0 = 2*u + 3*p + p - 650. What is the tens digit of u?
1
Let i be 3/(12/118)*2. Let l = i - 24. What is the units digit of l?
5
Let s = -7 - -11. What is the units digit of s/26 - 33/(-39)?
1
Let p(f) = -133*f - 3. What is the hundreds digit of p(-1)?
1
Let o be 1*(-3 - -4) + 99. Suppose 7*n = 2*n + o. Suppose -5*z + n + 10 = 0. What is the units digit of z?
6
Let t = 8 + 48. Suppose -3*l - t = -7*l. What is the units digit of l?
4
Let x be (2 - 0) + 2*2. Let z be 3 - 6 - (1 - 5). What is the units digit of z*5/(15/x)?
2
Let p be 38/(-3) + (-1)/3. Let k = p + 23. Suppose t = -3*b - k, 2*t + 5*b = -t - 10. What is the units digit of t?
5
What is the units digit of (-3)/((-9)/966*2)?
1
Suppose 7*r = 2*r - 40. Let z be -1*r/(-2) + -1. Let a = z + 7. What is the units digit of a?
2
Let l = 271 + -125. What is the units digit of l?
6
Let v = 29 - -11. What is the units digit of v?
0
What is the tens digit of -3 + (6/(-5))/((-8)/180)?
2
Let f(g) = g**2 + 7*g - 10. Suppose -l + 2*l + 11 = 0. What is the units digit of f(l)?
4
Let c(f) = 3*f**2 - 3*f - 5. What is the tens digit of c(6)?
8
What is the units digit of 40 - 3*(-4)/3?
4
Let n(b) = -b**2 + 14*b + 11. Let f be n(12). Suppose 2*l = 3*r - f, 15 = r + 4*l - 8*l. What is the tens digit of r?
1
Suppose 2*t - 2 - 8 = 4*b, -t + 3 = -b. What is the units digit of (b/(-4))/((-7)/(-168))?
2
Suppose -4*x + 11 = -5. What is the units digit of (3/x)/(5/20)?
3
Suppose -j = j - 2*s - 208, 96 = j - 3*s. Suppose 0*y = 4*y - 5*c - j, -122 = -5*y + 3*c. What is the tens digit of y?
2
Let g be 4/(-6) + 46/6. Let y be 5/(-10)*-4*(-2)/(-4). Let v = y + g. What is the units digit of v?
8
Let j(h) = -h**2 + 11*h + 7. What is the units digit of j(9)?
5
Let j = 9 + -61. What is the tens digit of j/4*(1 + -2)?
1
Let k(t) = t**2 - 5*t - 1. Let o be k(6). Suppose -4*i + 3 + o = 0, -47 = 5*m - i. What is the units digit of (12/m)/(2/(-6))?
4
Let c = -30 + 54. What is the units digit of c?
4
Let y = -14 + 16. Suppose -16 = 2*j - 4*j - 3*z, -5*j = -2*z - y. What is the units digit of j?
2
Suppose 4*m - 3*s - 65 = 2*s, 4*m = -2*s + 86. What is the units digit of m?
0
Let d = -38 + 84. What is the tens digit of d?
4
Let v be (-12)/42 - (-23)/7. Let t(f) = f**3 - 2*f**2 - 2*f. Let s be t(v). Suppose 4*i - o + 0*o - 31 = 0, 5*i = s*o + 44. What is the units digit of i?
7
Let s(w) = -w**2 - 5*w + 3. Suppose 4*y = y. Let a be (y + (1 - -1))*-2. What is the units digit of s(a)?
7
Let o(s) = -s**2 + 5*s - 4. Let t be o(3). Suppose -2*y = w + y - 6, -3*w = -t*y - 18. What is the units digit of w?
6
Suppose -3*x = 3*q - 8*q + 763, 0 = -5*x - 5. What is the hundreds digit of q?
1
Suppose 5*y + 5*h = -5, -4*h - h = -y - 7. Let k = 1 - y. Suppose -2*u + 2 = -2*t, -11 = -4*u + k*t - 5. What is the units digit of u?
3
Suppose -4*g + 71 = 3*i, 2*i + 4*g - 52 = -2. What is the tens digit of i?
2
Let s = 1 - -9. Suppose 5*p - s = 10, -5*n - 5*p + 55 = 0. What is the units digit of n?
7
What is the tens digit of (-8)/(-5 - -1) - (-296 - 1)?
9
Let o(j) = 2*j**2 - 3*j - 3. Suppose -3*v + 35 = -5*h, 2*v + h - 4 - 2 = 0. What is the tens digit of o(v)?
3
Let w(t) = t**2 + t + 2. Let p be w(-2). Suppose -v - p*m = -1, -5*m - 20 = -v - 1. What is the units digit of v?
9
Suppose -2*f + 4*q + 9 + 13 = 0, q + 4 = 0. Suppose -f*p + 5*y - 75 = -6*p, y - 23 = -p. What is the units digit of 2/8 + 135/p?
7
Suppose 5*g - 5*f - 280 = 0, 3*f = -5*g - 0*g + 256. What is the units digit of g?
3
Suppose -5*f = t + 2*t + 6, -t + 4*f = -15. Let b(y) = 8*y**2 + 2 - 12*y + 4*y - y + y**t + 0*y**3. What is the units digit of b(-9)?
2
What is the tens digit of (5436/(-30))/(-2) + (-2)/(-5)?
9
Let j = 9 + -5. Suppose 1 + j = 5*g. Let d = g + 1. What is the units digit of d?
2
Suppose 0 = -37*j + 42*j - 1030. What is the hundreds digit of j?
2
Suppose 8*d + 3*r = 3*d + 45, 5*d - 5 = 5*r. What is the units digit of ((-2)/d)/(6/(-774))?
3
Suppose 0 = p - 6*p - 15. What is the tens digit of (-34)/(-1 - p)*-1?
1
Suppose 0 = 2*y - 5*y + 9. Suppose 4*u + 1 = n, -y = n - u - 4. What is the units digit of n?
1
Let x(z) = -5*z + 1. Let c(a) be the third derivative of -a**6/120 - 7*a**5/60 - 7*a**4/24 - 4*a**3/3 + 2*a**2. Let h be c(-6). What is the units digit of x(h)?
1
Let i = -23 + 23. Let y = -3 + 5. Let u = i + y. What is the units digit of u?
2
Let q(r) = r**3 - 9*r**2 + 2*r - 11. Let t be q(9). Suppose 5*l = -32 + t. Let z = 14 + l. What is the units digit of z?
9
Let b = -23 - -26. What is the units digit of b?
3
Let a = 69 - 67. What is the units digit of a?
2
Suppose 297 = -23*t + 26*t. What is the units digit of t?
9
Let x(d) = 5*d - 1. Let n be x(2). Let z = n + -3. What is the units digit of z?
6
Suppose -2*z - 4 = -4*z + 4*j, -2*z = -3*j - 4. Suppose -t + z*t + 1 = -2*d, 2*t = 4*d + 22. Let h = d - -4. What is the units digit of h?
1
Let s(j) = -j**2 - 9*j + 14. Let p be s(-10). Suppose p*h = 5*z - 61, z - 3*h - h = 25. What is the units digit of z?
9
Let c(m) = 3*m**2 - 2 + 5 - 1. What is the units digit of c(-3)?
9
Suppose 76*z - 1548 = 72*z. What is the tens digit of z?
8
Suppose -3*i + 8 + 5 = -5*w, 5*i - 39 = 4*w. What is the tens digit of i?
1
What is the tens digit of 57/(-76) + ((-115)/(-4) - -1)?
2
Suppose 12 + 8 = -o. Let n be ((-3)/2)/(15/o). What is the tens digit of (n - 3)/(1/(-10))?
1
Let r(p) be the third derivative of -5*p**4/24 - p**3/6 + 2*p**2. Let s be r(-4). Suppose k + 2 = -j, -2*j + 3*k + s + 2 = 0. What is the units digit of j?
3
Suppose 2*m = -8*m + 2650. What is the tens digit of m?
6
What is the tens digit of (-674)/(-6) - 2/6?
1
Let t = -5 - -16. What is the units digit of t?
1
Let x(v) = v**2 - 3*v - 2. Let i be x(6). Suppose -i = -4*a + 20. What is the units digit of a?
9
Suppose 5*g - 6*g + 48 = 0. What is the units digit of g?
8
Let q = -230 + 354. W